{"id":987610793,"date":"2025-02-20T22:31:49","date_gmt":"2025-02-20T21:31:49","guid":{"rendered":"https:\/\/lezard-tape.fr\/?page_id=987610793"},"modified":"2025-02-21T11:59:18","modified_gmt":"2025-02-21T10:59:18","slug":"lezard-de-la-rue","status":"publish","type":"page","link":"https:\/\/lezard-tape.fr\/index.php\/lezard-de-la-rue\/","title":{"rendered":"L\u00e9zard de la RUE"},"content":{"rendered":"\n<div class=\"wp-block-columns is-layout-flex wp-container-core-columns-is-layout-1 wp-block-columns-is-layout-flex\">\n<div class=\"wp-block-column is-layout-flow wp-block-column-is-layout-flow\">\n<figure class=\"wp-block-image size-full\"><img alt=\"\" decoding=\"async\" width=\"1024\" height=\"683\" src=\"https:\/\/lezard-tape.fr\/wp-content\/uploads\/2025\/02\/Lezard-de-la-rue-1-\u00a9-Georges-FERREIRA.jpg\" alt=\"\" class=\"wp-image-987610440\" srcset=\"https:\/\/lezard-tape.fr\/wp-content\/uploads\/2025\/02\/Lezard-de-la-rue-1-\u00a9-Georges-FERREIRA.jpg 1024w, https:\/\/lezard-tape.fr\/wp-content\/uploads\/2025\/02\/Lezard-de-la-rue-1-\u00a9-Georges-FERREIRA-650x433.jpg 650w, https:\/\/lezard-tape.fr\/wp-content\/uploads\/2025\/02\/Lezard-de-la-rue-1-\u00a9-Georges-FERREIRA-325x217.jpg 325w, https:\/\/lezard-tape.fr\/wp-content\/uploads\/2025\/02\/Lezard-de-la-rue-1-\u00a9-Georges-FERREIRA-768x512.jpg 768w, https:\/\/lezard-tape.fr\/wp-content\/uploads\/2025\/02\/Lezard-de-la-rue-1-\u00a9-Georges-FERREIRA-610x407.jpg 610w\" sizes=\"(max-width: 1024px) 100vw, 1024px\" \/><\/figure>\n<\/div>\n\n\n\n<div class=\"wp-block-column is-layout-flow wp-block-column-is-layout-flow\">\n<p><strong>Une Batucada pleine de malice et d\u2019\u00e9nergie !<\/strong><\/p>\n\n\n\n<p>Notre batucada ne se contente pas de jouer dans la rue\u2026 elle la fait vibrer ! Avec nos rythmes explosifs et notre \u00e9nergie contagieuse, nous transformons chaque passage en un v\u00e9ritable spectacle interactif.<\/p>\n\n\n\n<p>Ici, le public n\u2019est pas simple spectateur : il devient complice ! Jeux rythmiques, surprises improvis\u00e9es, d\u00e9fis espi\u00e8gles\u2026 Nous adorons bousculer la routine et embarquer petits et grands dans notre folie percussive.<\/p>\n\n\n\n<p>Alors, pr\u00eats \u00e0 jouer avec nous ? Ouvrez grand les oreilles\u2026 et surtout, surveillez vos pieds : ils risquent bien de se mettre \u00e0 danser tout seuls ! \ud83c\udfb6\ud83d\udd25<\/p>\n\n\n\n<div class=\"wp-block-buttons is-content-justification-center is-layout-flex wp-container-core-buttons-is-layout-1 wp-block-buttons-is-layout-flex\">\n<div class=\"wp-block-button is-style-outline is-style-outline--1\"><a class=\"wp-block-button__link has-theme-palette-9-color has-theme-palette-3-background-color has-text-color has-background has-link-color wp-element-button\" href=\"https:\/\/docs.google.com\/forms\/d\/e\/1FAIpQLSdNrfwhn9B8xmgI7dTUZdiwMIbiBSYzYqWJC7lCq1RPdR1oVg\/viewform?usp=pp_url\" style=\"border-radius:8px\"><strong>DEMANDE DE DEVIS<\/strong><\/a><\/div>\n<\/div>\n<\/div>\n<\/div>\n\n\n\n<figure class=\"wp-block-gallery has-nested-images columns-default is-cropped wp-block-gallery-2 is-layout-flex wp-block-gallery-is-layout-flex\">\n<figure class=\"wp-block-image size-large\"><img alt=\"\" decoding=\"async\" width=\"1024\" height=\"867\" data-id=\"987610439\" src=\"https:\/\/lezard-tape.fr\/wp-content\/uploads\/2025\/02\/Lezard-de-la-rue-2-Photo-Georges-FERREIRA-1024x867.jpg\" alt=\"\" class=\"wp-image-987610439\"\/><\/figure>\n<\/figure>\n","protected":false},"excerpt":{"rendered":"<p>Une Batucada pleine de malice et d\u2019\u00e9nergie ! Notre batucada ne se contente pas de jouer dans la rue\u2026 elle la fait vibrer ! Avec nos rythmes explosifs et notre \u00e9nergie contagieuse, nous transformons chaque passage en un v\u00e9ritable spectacle interactif. Ici, le public n\u2019est pas simple spectateur : il devient complice ! Jeux rythmiques,&#8230;<\/p>\n","protected":false},"author":2,"featured_media":0,"parent":0,"menu_order":0,"comment_status":"closed","ping_status":"closed","template":"","meta":{"_seopress_robots_primary_cat":"","_seopress_titles_title":"","_seopress_titles_desc":"","_seopress_robots_index":"","_kad_post_transparent":"default","_kad_post_title":"","_kad_post_layout":"default","_kad_post_sidebar_id":"","_kad_post_content_style":"","_kad_post_vertical_padding":"","_kad_post_feature":"","_kad_post_feature_position":"","_kad_post_header":false,"_kad_post_footer":false,"iawp_total_views":43,"footnotes":""},"class_list":["post-987610793","page","type-page","status-publish","hentry"],"_links":{"self":[{"href":"https:\/\/lezard-tape.fr\/index.php\/wp-json\/wp\/v2\/pages\/987610793","targetHints":{"allow":["GET"]}}],"collection":[{"href":"https:\/\/lezard-tape.fr\/index.php\/wp-json\/wp\/v2\/pages"}],"about":[{"href":"https:\/\/lezard-tape.fr\/index.php\/wp-json\/wp\/v2\/types\/page"}],"author":[{"embeddable":true,"href":"https:\/\/lezard-tape.fr\/index.php\/wp-json\/wp\/v2\/users\/2"}],"replies":[{"embeddable":true,"href":"https:\/\/lezard-tape.fr\/index.php\/wp-json\/wp\/v2\/comments?post=987610793"}],"version-history":[{"count":2,"href":"https:\/\/lezard-tape.fr\/index.php\/wp-json\/wp\/v2\/pages\/987610793\/revisions"}],"predecessor-version":[{"id":987610835,"href":"https:\/\/lezard-tape.fr\/index.php\/wp-json\/wp\/v2\/pages\/987610793\/revisions\/987610835"}],"wp:attachment":[{"href":"https:\/\/lezard-tape.fr\/index.php\/wp-json\/wp\/v2\/media?parent=987610793"}],"curies":[{"name":"wp","href":"https:\/\/api.w.org\/{rel}","templated":true}]}}