{"id":987610760,"date":"2025-02-20T17:39:46","date_gmt":"2025-02-20T16:39:46","guid":{"rendered":"https:\/\/lezard-tape.fr\/?page_id=987610760"},"modified":"2025-02-21T11:45:58","modified_gmt":"2025-02-21T10:45:58","slug":"lezard-de-la-renaissance","status":"publish","type":"page","link":"https:\/\/lezard-tape.fr\/index.php\/lezard-de-la-renaissance\/","title":{"rendered":"L\u00e9zard de la RENAISSANCE"},"content":{"rendered":"\n<div class=\"wp-block-columns is-layout-flex wp-container-core-columns-is-layout-1 wp-block-columns-is-layout-flex\">\n<div class=\"wp-block-column is-layout-flow wp-block-column-is-layout-flow\">\n<figure class=\"wp-block-image size-full\"><img decoding=\"async\" width=\"2880\" height=\"1920\" src=\"https:\/\/lezard-tape.fr\/wp-content\/uploads\/2025\/02\/Lezard-de-la-Renaissance-photographe-Georges-FERREIRA-scaled.jpg\" alt=\"La batucada L\u00e9zard Tape lors d'une s\u00e9ance de photo en tenue de la renaissance avec le ch\u00e2teau de Chantilly en fond\" class=\"wp-image-987610488\" srcset=\"https:\/\/lezard-tape.fr\/wp-content\/uploads\/2025\/02\/Lezard-de-la-Renaissance-photographe-Georges-FERREIRA-scaled.jpg 2880w, https:\/\/lezard-tape.fr\/wp-content\/uploads\/2025\/02\/Lezard-de-la-Renaissance-photographe-Georges-FERREIRA-650x433.jpg 650w, https:\/\/lezard-tape.fr\/wp-content\/uploads\/2025\/02\/Lezard-de-la-Renaissance-photographe-Georges-FERREIRA-1300x867.jpg 1300w, https:\/\/lezard-tape.fr\/wp-content\/uploads\/2025\/02\/Lezard-de-la-Renaissance-photographe-Georges-FERREIRA-325x217.jpg 325w, https:\/\/lezard-tape.fr\/wp-content\/uploads\/2025\/02\/Lezard-de-la-Renaissance-photographe-Georges-FERREIRA-768x512.jpg 768w, https:\/\/lezard-tape.fr\/wp-content\/uploads\/2025\/02\/Lezard-de-la-Renaissance-photographe-Georges-FERREIRA-1536x1024.jpg 1536w, https:\/\/lezard-tape.fr\/wp-content\/uploads\/2025\/02\/Lezard-de-la-Renaissance-photographe-Georges-FERREIRA-2048x1365.jpg 2048w, https:\/\/lezard-tape.fr\/wp-content\/uploads\/2025\/02\/Lezard-de-la-Renaissance-photographe-Georges-FERREIRA-610x407.jpg 610w, https:\/\/lezard-tape.fr\/wp-content\/uploads\/2025\/02\/Lezard-de-la-Renaissance-photographe-Georges-FERREIRA-1320x880.jpg 1320w\" sizes=\"(max-width: 2880px) 100vw, 2880px\" \/><\/figure>\n<\/div>\n\n\n\n<div class=\"wp-block-column is-layout-flow wp-block-column-is-layout-flow\">\n<p>Avec une prestance royale, la Batucada \u00ab L\u00e9zard Tape \u00bb vous invite \u00e0 un hommage vibrant \u00e0 l\u2019art et \u00e0 la f\u00eate, o\u00f9 la danse et le son des percussions r\u00e9sonnent comme un \u00e9cho aux c\u00e9l\u00e9brations d\u2019antan.<\/p>\n\n\n\n<p><strong>Offrez une allure fastueuse \u00e0 votre carnaval!<\/strong><\/p>\n\n\n\n<div class=\"wp-block-buttons is-content-justification-center is-layout-flex wp-container-core-buttons-is-layout-1 wp-block-buttons-is-layout-flex\">\n<div class=\"wp-block-button is-style-outline is-style-outline--1\"><a class=\"wp-block-button__link has-theme-palette-9-color has-text-color has-background has-link-color wp-element-button\" href=\"https:\/\/docs.google.com\/forms\/d\/e\/1FAIpQLSdNrfwhn9B8xmgI7dTUZdiwMIbiBSYzYqWJC7lCq1RPdR1oVg\/viewform?usp=pp_url\" style=\"border-radius:35px;background-color:#0825c9d9\"><strong>DEMANDE DE DEVIS<\/strong><\/a><\/div>\n<\/div>\n<\/div>\n<\/div>\n\n\n\n<figure class=\"wp-block-gallery has-nested-images columns-default is-cropped wp-block-gallery-2 is-layout-flex wp-block-gallery-is-layout-flex\">\n<figure class=\"wp-block-image size-large\"><img alt=\"\" decoding=\"async\" width=\"1300\" height=\"867\" data-id=\"987610486\" src=\"https:\/\/lezard-tape.fr\/wp-content\/uploads\/2025\/02\/29-\u00a9-Georges-FERREIRA-1300x867.jpg\" alt=\"\" class=\"wp-image-987610486\" srcset=\"https:\/\/lezard-tape.fr\/wp-content\/uploads\/2025\/02\/29-\u00a9-Georges-FERREIRA-1300x867.jpg 1300w, https:\/\/lezard-tape.fr\/wp-content\/uploads\/2025\/02\/29-\u00a9-Georges-FERREIRA-650x433.jpg 650w, https:\/\/lezard-tape.fr\/wp-content\/uploads\/2025\/02\/29-\u00a9-Georges-FERREIRA-325x217.jpg 325w\" sizes=\"(max-width: 1300px) 100vw, 1300px\" \/><\/figure>\n\n\n\n<figure class=\"wp-block-image size-large\"><img alt=\"\" decoding=\"async\" width=\"1300\" height=\"867\" data-id=\"987610487\" src=\"https:\/\/lezard-tape.fr\/wp-content\/uploads\/2025\/02\/39-\u00a9-Georges-FERREIRA-1300x867.jpg\" alt=\"\" class=\"wp-image-987610487\" srcset=\"https:\/\/lezard-tape.fr\/wp-content\/uploads\/2025\/02\/39-\u00a9-Georges-FERREIRA-1300x867.jpg 1300w, https:\/\/lezard-tape.fr\/wp-content\/uploads\/2025\/02\/39-\u00a9-Georges-FERREIRA-650x433.jpg 650w, https:\/\/lezard-tape.fr\/wp-content\/uploads\/2025\/02\/39-\u00a9-Georges-FERREIRA-325x217.jpg 325w\" sizes=\"(max-width: 1300px) 100vw, 1300px\" \/><\/figure>\n<\/figure>\n","protected":false},"excerpt":{"rendered":"<p>Avec une prestance royale, la Batucada \u00ab L\u00e9zard Tape \u00bb vous invite \u00e0 un hommage vibrant \u00e0 l\u2019art et \u00e0 la f\u00eate, o\u00f9 la danse et le son des percussions r\u00e9sonnent comme un \u00e9cho aux c\u00e9l\u00e9brations d\u2019antan. Offrez une allure fastueuse \u00e0 votre carnaval!<\/p>\n","protected":false},"author":2,"featured_media":0,"parent":0,"menu_order":0,"comment_status":"closed","ping_status":"closed","template":"","meta":{"_seopress_robots_primary_cat":"","_seopress_titles_title":"","_seopress_titles_desc":"","_seopress_robots_index":"","_kad_post_transparent":"default","_kad_post_title":"","_kad_post_layout":"default","_kad_post_sidebar_id":"","_kad_post_content_style":"","_kad_post_vertical_padding":"","_kad_post_feature":"","_kad_post_feature_position":"","_kad_post_header":false,"_kad_post_footer":false,"iawp_total_views":36,"footnotes":""},"class_list":["post-987610760","page","type-page","status-publish","hentry"],"_links":{"self":[{"href":"https:\/\/lezard-tape.fr\/index.php\/wp-json\/wp\/v2\/pages\/987610760","targetHints":{"allow":["GET"]}}],"collection":[{"href":"https:\/\/lezard-tape.fr\/index.php\/wp-json\/wp\/v2\/pages"}],"about":[{"href":"https:\/\/lezard-tape.fr\/index.php\/wp-json\/wp\/v2\/types\/page"}],"author":[{"embeddable":true,"href":"https:\/\/lezard-tape.fr\/index.php\/wp-json\/wp\/v2\/users\/2"}],"replies":[{"embeddable":true,"href":"https:\/\/lezard-tape.fr\/index.php\/wp-json\/wp\/v2\/comments?post=987610760"}],"version-history":[{"count":3,"href":"https:\/\/lezard-tape.fr\/index.php\/wp-json\/wp\/v2\/pages\/987610760\/revisions"}],"predecessor-version":[{"id":987610831,"href":"https:\/\/lezard-tape.fr\/index.php\/wp-json\/wp\/v2\/pages\/987610760\/revisions\/987610831"}],"wp:attachment":[{"href":"https:\/\/lezard-tape.fr\/index.php\/wp-json\/wp\/v2\/media?parent=987610760"}],"curies":[{"name":"wp","href":"https:\/\/api.w.org\/{rel}","templated":true}]}}

Lézard de la RENAISSANCE

<div class="wp-block-columns is-layout-flex wp-container-core-columns-is-layout-1 wp-block-columns-is-layout-flex">
<div class="wp-block-column is-layout-flow wp-block-column-is-layout-flow">
<figure class="wp-block-image size-full"><img decoding="async" width="2880" height="1920" src="https://lezard-tape.fr/wp-content/uploads/2025/02/Lezard-de-la-Renaissance-photographe-Georges-FERREIRA-scaled.jpg" alt="La batucada Lézard Tape lors d'une séance de photo en tenue de la renaissance avec le château de Chantilly en fond" class="wp-image-987610488" srcset="https://lezard-tape.fr/wp-content/uploads/2025/02/Lezard-de-la-Renaissance-photographe-Georges-FERREIRA-scaled.jpg 2880w, https://lezard-tape.fr/wp-content/uploads/2025/02/Lezard-de-la-Renaissance-photographe-Georges-FERREIRA-650x433.jpg 650w, https://lezard-tape.fr/wp-content/uploads/2025/02/Lezard-de-la-Renaissance-photographe-Georges-FERREIRA-1300x867.jpg 1300w, https://lezard-tape.fr/wp-content/uploads/2025/02/Lezard-de-la-Renaissance-photographe-Georges-FERREIRA-325x217.jpg 325w, https://lezard-tape.fr/wp-content/uploads/2025/02/Lezard-de-la-Renaissance-photographe-Georges-FERREIRA-768x512.jpg 768w, https://lezard-tape.fr/wp-content/uploads/2025/02/Lezard-de-la-Renaissance-photographe-Georges-FERREIRA-1536x1024.jpg 1536w, https://lezard-tape.fr/wp-content/uploads/2025/02/Lezard-de-la-Renaissance-photographe-Georges-FERREIRA-2048x1365.jpg 2048w, https://lezard-tape.fr/wp-content/uploads/2025/02/Lezard-de-la-Renaissance-photographe-Georges-FERREIRA-610x407.jpg 610w, https://lezard-tape.fr/wp-content/uploads/2025/02/Lezard-de-la-Renaissance-photographe-Georges-FERREIRA-1320x880.jpg 1320w" sizes="(max-width: 2880px) 100vw, 2880px" /></figure>
</div>



<div class="wp-block-column is-layout-flow wp-block-column-is-layout-flow">
<p>Avec une prestance royale, la Batucada « Lézard Tape » vous invite à un hommage vibrant à l’art et à la fête, où la danse et le son des percussions résonnent comme un écho aux célébrations d’antan.</p>



<p><strong>Offrez une allure fastueuse à votre carnaval!</strong></p>



<div class="wp-block-buttons is-content-justification-center is-layout-flex wp-container-core-buttons-is-layout-1 wp-block-buttons-is-layout-flex">
<div class="wp-block-button is-style-outline is-style-outline--1"><a class="wp-block-button__link has-theme-palette-9-color has-text-color has-background has-link-color wp-element-button" href="https://docs.google.com/forms/d/e/1FAIpQLSdNrfwhn9B8xmgI7dTUZdiwMIbiBSYzYqWJC7lCq1RPdR1oVg/viewform?usp=pp_url" style="border-radius:35px;background-color:#0825c9d9"><strong>DEMANDE DE DEVIS</strong></a></div>
</div>
</div>
</div>



<figure class="wp-block-gallery has-nested-images columns-default is-cropped wp-block-gallery-2 is-layout-flex wp-block-gallery-is-layout-flex">
<figure class="wp-block-image size-large"><img alt="" decoding="async" width="1300" height="867" data-id="987610486" src="https://lezard-tape.fr/wp-content/uploads/2025/02/29-©-Georges-FERREIRA-1300x867.jpg" alt="" class="wp-image-987610486" srcset="https://lezard-tape.fr/wp-content/uploads/2025/02/29-©-Georges-FERREIRA-1300x867.jpg 1300w, https://lezard-tape.fr/wp-content/uploads/2025/02/29-©-Georges-FERREIRA-650x433.jpg 650w, https://lezard-tape.fr/wp-content/uploads/2025/02/29-©-Georges-FERREIRA-325x217.jpg 325w" sizes="(max-width: 1300px) 100vw, 1300px" /></figure>



<figure class="wp-block-image size-large"><img alt="" decoding="async" width="1300" height="867" data-id="987610487" src="https://lezard-tape.fr/wp-content/uploads/2025/02/39-©-Georges-FERREIRA-1300x867.jpg" alt="" class="wp-image-987610487" srcset="https://lezard-tape.fr/wp-content/uploads/2025/02/39-©-Georges-FERREIRA-1300x867.jpg 1300w, https://lezard-tape.fr/wp-content/uploads/2025/02/39-©-Georges-FERREIRA-650x433.jpg 650w, https://lezard-tape.fr/wp-content/uploads/2025/02/39-©-Georges-FERREIRA-325x217.jpg 325w" sizes="(max-width: 1300px) 100vw, 1300px" /></figure>
</figure>

<p>Avec une prestance royale, la Batucada « Lézard Tape » vous invite à un hommage vibrant à l’art et à la fête, où la danse et le son des percussions résonnent comme un écho aux célébrations d’antan. Offrez une allure fastueuse à votre carnaval!</p>
