{"id":987610748,"date":"2025-02-20T17:21:17","date_gmt":"2025-02-20T16:21:17","guid":{"rendered":"https:\/\/lezard-tape.fr\/?page_id=987610748"},"modified":"2025-02-20T22:23:10","modified_gmt":"2025-02-20T21:23:10","slug":"lezard-de-rio","status":"publish","type":"page","link":"https:\/\/lezard-tape.fr\/index.php\/lezard-de-rio\/","title":{"rendered":"L\u00e9zard de RIO"},"content":{"rendered":"\n<div class=\"wp-block-columns is-layout-flex wp-container-core-columns-is-layout-1 wp-block-columns-is-layout-flex\">\n<div class=\"wp-block-column is-layout-flow wp-block-column-is-layout-flow\">\n<figure class=\"wp-block-image size-full\"><img alt=\"\" decoding=\"async\" width=\"2880\" height=\"1920\" src=\"https:\/\/lezard-tape.fr\/wp-content\/uploads\/2025\/02\/RIO-LT-1-\u00a9-Alain-GENEST-scaled.jpg\" alt=\"\" class=\"wp-image-987610749\" srcset=\"https:\/\/lezard-tape.fr\/wp-content\/uploads\/2025\/02\/RIO-LT-1-\u00a9-Alain-GENEST-scaled.jpg 2880w, https:\/\/lezard-tape.fr\/wp-content\/uploads\/2025\/02\/RIO-LT-1-\u00a9-Alain-GENEST-650x433.jpg 650w, https:\/\/lezard-tape.fr\/wp-content\/uploads\/2025\/02\/RIO-LT-1-\u00a9-Alain-GENEST-1300x867.jpg 1300w, https:\/\/lezard-tape.fr\/wp-content\/uploads\/2025\/02\/RIO-LT-1-\u00a9-Alain-GENEST-325x217.jpg 325w, https:\/\/lezard-tape.fr\/wp-content\/uploads\/2025\/02\/RIO-LT-1-\u00a9-Alain-GENEST-768x512.jpg 768w, https:\/\/lezard-tape.fr\/wp-content\/uploads\/2025\/02\/RIO-LT-1-\u00a9-Alain-GENEST-1536x1024.jpg 1536w, https:\/\/lezard-tape.fr\/wp-content\/uploads\/2025\/02\/RIO-LT-1-\u00a9-Alain-GENEST-2048x1365.jpg 2048w, https:\/\/lezard-tape.fr\/wp-content\/uploads\/2025\/02\/RIO-LT-1-\u00a9-Alain-GENEST-610x407.jpg 610w, https:\/\/lezard-tape.fr\/wp-content\/uploads\/2025\/02\/RIO-LT-1-\u00a9-Alain-GENEST-1320x880.jpg 1320w\" sizes=\"(max-width: 2880px) 100vw, 2880px\" \/><\/figure>\n<\/div>\n\n\n\n<div class=\"wp-block-column is-layout-flow wp-block-column-is-layout-flow\">\n<p>\u00ab\u00a0L\u00e9zard de Rio\u00a0\u00bb c\u2019est le son des \u00e9coles de Samba de Rio de Janeiro qui frappe \u00e0 votre porte. Il vous entraine dans une d\u00e9ambulation endiabl\u00e9e, rythm\u00e9e par les surdos, caixas, chocalhos, apitos, agogos et autres percussions dont la batucada L\u00e9zard Tape a le secret!<\/p>\n\n\n\n<p>La d\u00e9coration des instruments ainsi que le costume aux couleurs du drapeau br\u00e9silien qu\u2019arborent fi\u00e8rement les batuqueiros de L\u00e9zard Tape, rappellent \u00e9galement le maillot de la Sele\u00e7\u00e3o Brasileira quintuple championne du monde de Futebol!<\/p>\n\n\n\n<div class=\"wp-block-buttons is-content-justification-center is-layout-flex wp-container-core-buttons-is-layout-1 wp-block-buttons-is-layout-flex\">\n<div class=\"wp-block-button is-style-outline is-style-outline--1\"><a class=\"wp-block-button__link has-text-color has-background has-link-color wp-element-button\" href=\"https:\/\/docs.google.com\/forms\/d\/e\/1FAIpQLSdNrfwhn9B8xmgI7dTUZdiwMIbiBSYzYqWJC7lCq1RPdR1oVg\/viewform?usp=pp_url\" style=\"border-width:4px;border-radius:11px;color:#0c7d12;background-color:#f3f713\"><strong>DEMANDE DE DEVIS<\/strong><\/a><\/div>\n<\/div>\n<\/div>\n<\/div>\n\n\n\n<figure class=\"wp-block-embed is-type-video is-provider-youtube wp-block-embed-youtube wp-embed-aspect-16-9 wp-has-aspect-ratio\"><div class=\"wp-block-embed__wrapper\">\n<iframe title=\"Le\u0301zard Tape &amp; Va\u0302nia Rio\" width=\"720\" height=\"405\" src=\"https:\/\/www.youtube.com\/embed\/WenJkvCKglk?feature=oembed\" frameborder=\"0\" allow=\"accelerometer; autoplay; clipboard-write; encrypted-media; gyroscope; picture-in-picture; web-share\" referrerpolicy=\"strict-origin-when-cross-origin\" allowfullscreen><\/iframe>\n<\/div><\/figure>\n\n\n\n<figure class=\"wp-block-embed is-type-video is-provider-youtube wp-block-embed-youtube wp-embed-aspect-16-9 wp-has-aspect-ratio\"><div class=\"wp-block-embed__wrapper\">\n<iframe title=\"L\u00e9zard Tape au 15e concours batucada Paris 2019\" width=\"720\" height=\"405\" src=\"https:\/\/www.youtube.com\/embed\/ii5PH6sG5aU?start=4&#038;feature=oembed\" frameborder=\"0\" allow=\"accelerometer; autoplay; clipboard-write; encrypted-media; gyroscope; picture-in-picture; web-share\" referrerpolicy=\"strict-origin-when-cross-origin\" allowfullscreen><\/iframe>\n<\/div><\/figure>\n\n\n\n<figure class=\"wp-block-gallery has-nested-images columns-default is-cropped wp-block-gallery-2 is-layout-flex wp-block-gallery-is-layout-flex\">\n<figure class=\"wp-block-image size-large\"><img alt=\"\" decoding=\"async\" width=\"1300\" height=\"867\" data-id=\"987610752\" src=\"https:\/\/lezard-tape.fr\/wp-content\/uploads\/2025\/02\/RIO-LT-4-\u00a9-Chloe-Dufflot-1300x867.jpg\" alt=\"\" class=\"wp-image-987610752\" srcset=\"https:\/\/lezard-tape.fr\/wp-content\/uploads\/2025\/02\/RIO-LT-4-\u00a9-Chloe-Dufflot-1300x867.jpg 1300w, https:\/\/lezard-tape.fr\/wp-content\/uploads\/2025\/02\/RIO-LT-4-\u00a9-Chloe-Dufflot-650x433.jpg 650w, https:\/\/lezard-tape.fr\/wp-content\/uploads\/2025\/02\/RIO-LT-4-\u00a9-Chloe-Dufflot-325x217.jpg 325w, https:\/\/lezard-tape.fr\/wp-content\/uploads\/2025\/02\/RIO-LT-4-\u00a9-Chloe-Dufflot-768x512.jpg 768w, https:\/\/lezard-tape.fr\/wp-content\/uploads\/2025\/02\/RIO-LT-4-\u00a9-Chloe-Dufflot-1536x1024.jpg 1536w, https:\/\/lezard-tape.fr\/wp-content\/uploads\/2025\/02\/RIO-LT-4-\u00a9-Chloe-Dufflot-2048x1365.jpg 2048w, https:\/\/lezard-tape.fr\/wp-content\/uploads\/2025\/02\/RIO-LT-4-\u00a9-Chloe-Dufflot-610x407.jpg 610w, https:\/\/lezard-tape.fr\/wp-content\/uploads\/2025\/02\/RIO-LT-4-\u00a9-Chloe-Dufflot-1320x880.jpg 1320w\" sizes=\"(max-width: 1300px) 100vw, 1300px\" \/><\/figure>\n\n\n\n<figure class=\"wp-block-image size-large\"><img alt=\"\" decoding=\"async\" width=\"1300\" height=\"867\" data-id=\"987610751\" src=\"https:\/\/lezard-tape.fr\/wp-content\/uploads\/2025\/02\/RIO-LT-3-\u00a9-Chloe-DUFFLOT-1-1300x867.jpg\" alt=\"\" class=\"wp-image-987610751\" srcset=\"https:\/\/lezard-tape.fr\/wp-content\/uploads\/2025\/02\/RIO-LT-3-\u00a9-Chloe-DUFFLOT-1-1300x867.jpg 1300w, https:\/\/lezard-tape.fr\/wp-content\/uploads\/2025\/02\/RIO-LT-3-\u00a9-Chloe-DUFFLOT-1-650x433.jpg 650w, https:\/\/lezard-tape.fr\/wp-content\/uploads\/2025\/02\/RIO-LT-3-\u00a9-Chloe-DUFFLOT-1-325x217.jpg 325w, https:\/\/lezard-tape.fr\/wp-content\/uploads\/2025\/02\/RIO-LT-3-\u00a9-Chloe-DUFFLOT-1-768x512.jpg 768w, https:\/\/lezard-tape.fr\/wp-content\/uploads\/2025\/02\/RIO-LT-3-\u00a9-Chloe-DUFFLOT-1-1536x1024.jpg 1536w, https:\/\/lezard-tape.fr\/wp-content\/uploads\/2025\/02\/RIO-LT-3-\u00a9-Chloe-DUFFLOT-1-2048x1366.jpg 2048w, https:\/\/lezard-tape.fr\/wp-content\/uploads\/2025\/02\/RIO-LT-3-\u00a9-Chloe-DUFFLOT-1-610x407.jpg 610w, https:\/\/lezard-tape.fr\/wp-content\/uploads\/2025\/02\/RIO-LT-3-\u00a9-Chloe-DUFFLOT-1-1320x880.jpg 1320w\" sizes=\"(max-width: 1300px) 100vw, 1300px\" \/><\/figure>\n\n\n\n<figure class=\"wp-block-image size-large\"><img alt=\"\" decoding=\"async\" width=\"1300\" height=\"867\" data-id=\"987610750\" src=\"https:\/\/lezard-tape.fr\/wp-content\/uploads\/2025\/02\/RIO-LT-2-Jaune-\u00a9-Chloe-DUFFLOT-1-1300x867.jpg\" alt=\"\" class=\"wp-image-987610750\" srcset=\"https:\/\/lezard-tape.fr\/wp-content\/uploads\/2025\/02\/RIO-LT-2-Jaune-\u00a9-Chloe-DUFFLOT-1-1300x867.jpg 1300w, https:\/\/lezard-tape.fr\/wp-content\/uploads\/2025\/02\/RIO-LT-2-Jaune-\u00a9-Chloe-DUFFLOT-1-650x433.jpg 650w, https:\/\/lezard-tape.fr\/wp-content\/uploads\/2025\/02\/RIO-LT-2-Jaune-\u00a9-Chloe-DUFFLOT-1-325x217.jpg 325w, https:\/\/lezard-tape.fr\/wp-content\/uploads\/2025\/02\/RIO-LT-2-Jaune-\u00a9-Chloe-DUFFLOT-1-768x512.jpg 768w, https:\/\/lezard-tape.fr\/wp-content\/uploads\/2025\/02\/RIO-LT-2-Jaune-\u00a9-Chloe-DUFFLOT-1-1536x1024.jpg 1536w, https:\/\/lezard-tape.fr\/wp-content\/uploads\/2025\/02\/RIO-LT-2-Jaune-\u00a9-Chloe-DUFFLOT-1-2048x1365.jpg 2048w, https:\/\/lezard-tape.fr\/wp-content\/uploads\/2025\/02\/RIO-LT-2-Jaune-\u00a9-Chloe-DUFFLOT-1-610x407.jpg 610w, https:\/\/lezard-tape.fr\/wp-content\/uploads\/2025\/02\/RIO-LT-2-Jaune-\u00a9-Chloe-DUFFLOT-1-1320x880.jpg 1320w\" sizes=\"(max-width: 1300px) 100vw, 1300px\" \/><\/figure>\n\n\n\n<figure class=\"wp-block-image size-large\"><img alt=\"\" decoding=\"async\" width=\"1300\" height=\"867\" data-id=\"987610509\" src=\"https:\/\/lezard-tape.fr\/wp-content\/uploads\/2025\/02\/33-1300x867.jpg\" alt=\"\" class=\"wp-image-987610509\" srcset=\"https:\/\/lezard-tape.fr\/wp-content\/uploads\/2025\/02\/33-1300x867.jpg 1300w, https:\/\/lezard-tape.fr\/wp-content\/uploads\/2025\/02\/33-650x433.jpg 650w, https:\/\/lezard-tape.fr\/wp-content\/uploads\/2025\/02\/33-325x217.jpg 325w, https:\/\/lezard-tape.fr\/wp-content\/uploads\/2025\/02\/33-768x512.jpg 768w, https:\/\/lezard-tape.fr\/wp-content\/uploads\/2025\/02\/33-1536x1024.jpg 1536w, https:\/\/lezard-tape.fr\/wp-content\/uploads\/2025\/02\/33-2048x1366.jpg 2048w, https:\/\/lezard-tape.fr\/wp-content\/uploads\/2025\/02\/33-610x407.jpg 610w, https:\/\/lezard-tape.fr\/wp-content\/uploads\/2025\/02\/33-1320x880.jpg 1320w\" sizes=\"(max-width: 1300px) 100vw, 1300px\" \/><\/figure>\n<\/figure>\n\n\n\n<p><\/p>\n","protected":false},"excerpt":{"rendered":"<p>\u00ab\u00a0L\u00e9zard de Rio\u00a0\u00bb c\u2019est le son des \u00e9coles de Samba de Rio de Janeiro qui frappe \u00e0 votre porte. Il vous entraine dans une d\u00e9ambulation endiabl\u00e9e, rythm\u00e9e par les surdos, caixas, chocalhos, apitos, agogos et autres percussions dont la batucada L\u00e9zard Tape a le secret! La d\u00e9coration des instruments ainsi que le costume aux couleurs&#8230;<\/p>\n","protected":false},"author":2,"featured_media":0,"parent":0,"menu_order":0,"comment_status":"closed","ping_status":"closed","template":"","meta":{"_seopress_robots_primary_cat":"","_seopress_titles_title":"","_seopress_titles_desc":"","_seopress_robots_index":"","_kad_post_transparent":"default","_kad_post_title":"","_kad_post_layout":"default","_kad_post_sidebar_id":"","_kad_post_content_style":"","_kad_post_vertical_padding":"","_kad_post_feature":"","_kad_post_feature_position":"","_kad_post_header":false,"_kad_post_footer":false,"iawp_total_views":86,"footnotes":""},"class_list":["post-987610748","page","type-page","status-publish","hentry"],"_links":{"self":[{"href":"https:\/\/lezard-tape.fr\/index.php\/wp-json\/wp\/v2\/pages\/987610748","targetHints":{"allow":["GET"]}}],"collection":[{"href":"https:\/\/lezard-tape.fr\/index.php\/wp-json\/wp\/v2\/pages"}],"about":[{"href":"https:\/\/lezard-tape.fr\/index.php\/wp-json\/wp\/v2\/types\/page"}],"author":[{"embeddable":true,"href":"https:\/\/lezard-tape.fr\/index.php\/wp-json\/wp\/v2\/users\/2"}],"replies":[{"embeddable":true,"href":"https:\/\/lezard-tape.fr\/index.php\/wp-json\/wp\/v2\/comments?post=987610748"}],"version-history":[{"count":6,"href":"https:\/\/lezard-tape.fr\/index.php\/wp-json\/wp\/v2\/pages\/987610748\/revisions"}],"predecessor-version":[{"id":987610817,"href":"https:\/\/lezard-tape.fr\/index.php\/wp-json\/wp\/v2\/pages\/987610748\/revisions\/987610817"}],"wp:attachment":[{"href":"https:\/\/lezard-tape.fr\/index.php\/wp-json\/wp\/v2\/media?parent=987610748"}],"curies":[{"name":"wp","href":"https:\/\/api.w.org\/{rel}","templated":true}]}}